 + 5*v(r). What is the remainder when a(-6) is divided by f(-1)?
6
Let h be (-3)/((-4)/((-56)/3)). Calculate the remainder when 44 is divided by (-206)/h - (-6)/21.
14
Suppose 8 + 44 = 2*j. Suppose -i = i - j. Let c = -6 + i. Calculate the remainder when 20 is divided by c.
6
Let n be 2/(-6) + (-11)/3. Calculate the remainder when 59 is divided by (-15)/1*n/3.
19
What is the remainder when (-15)/(-20) - (-138)/8 is divided by 10?
8
Let w(d) = d**3 - 3*d**2 - 8*d + 5. Let b(j) = -44*j**3 - j**2 + 1. What is the remainder when b(-1) is divided by w(5)?
14
Let r = -9 - -5. What is the remainder when 29 is divided by (-26)/(-3) + r/6?
5
Suppose 3*z = -11 - 34. What is the remainder when 51 is divided by 12/(-30) - 276/z?
15
Suppose r - 52 = 4. Calculate the remainder when 222 is divided by r.
54
Let t be (2 - (2 + -2)) + 2. Suppose -15 = 2*f + 5*d, -5*d = -t*f + 11 + 4. Let v = f - -2. Calculate the remainder when 5 is divided by v.
1
Suppose 0 = 3*t + 4*z - 20, 5*t + 3*z - 24 = 2*t. Calculate the remainder when 23 is divided by t.
11
Let k = 97 - 67. Suppose 0*i - 2*i + 18 = y, -52 = -4*i + 2*y. Calculate the remainder when k is divided by i.
8
Calculate the remainder when ((-2)/(-6))/(0 - 3/(-549)) is divided by 16.
13
Let q = -27 - -19. Let p = q - -12. What is the remainder when p is divided by 3?
1
Suppose -3*y = o - 2*y - 34, -4*o + 2*y + 106 = 0. What is the remainder when 51 is divided by o?
22
Suppose 0 = -3*q - q + 48. Let u(v) = v**2 + 4*v - 7. Let l be u(-6). Suppose -i = 4*c - 35, -i + 14 = 2*c - l*c. What is the remainder when i is divided by q?
11
Let r(i) = -1 + 3 - 6*i**2 - 4*i + i + 5*i**2. Suppose 12 = -0*q + 4*q. Calculate the remainder when q is divided by r(-3).
1
Suppose -4*o + 2*c + 16 = c, -12 = 3*c. Suppose -4*f = -o*t + 41, 2*t + f - 61 = -2*t. Calculate the remainder when 57 is divided by t.
12
Suppose 29*a = 21*a + 240. What is the remainder when 87 is divided by a?
27
Suppose -84 + 8 = -4*g. Suppose 3*z - 30 = 102. Let q = z - g. What is the remainder when q is divided by 13?
12
What is the remainder when (16/10)/((-4)/(-50)) is divided by 12?
8
Suppose 8*d - 4*d - 124 = 3*v, -4*v = -4*d + 120. What is the remainder when d is divided by 12?
10
Let a(j) = 15*j - 1. What is the remainder when 26 is divided by a(1)?
12
Suppose 0 = -b - 0*b + 63. What is the remainder when b is divided by 34?
29
Suppose -13*t = 13 - 299. Calculate the remainder when 82 is divided by t.
16
Suppose 0*t = -2*t + 26. Let w = 22 + -3. Let a = w + t. Calculate the remainder when a is divided by 11.
10
What is the remainder when ((-78)/52)/(1/(-18)) is divided by 4?
3
Let i(a) = a + 1. Let s be i(3). Suppose 0 = -s*t - 23 + 55. Calculate the remainder when 30 is divided by t.
6
Suppose -2*m - 4*y = m + 1183, -2*m = -2*y + 784. Calculate the remainder when 101 is divided by m/(-15) + 5/(-25).
23
Let h be (18/(-4))/((-9)/12). Let b be h/(-4)*(0 - 2). Suppose -b*k + 36 = -3*l, -3*k + l + 0*l + 26 = 0. Calculate the remainder when k is divided by 3.
1
Let x = 35 - 9. Suppose -3*j + 3*l + 23 + 7 = 0, 5*l + 23 = 2*j. Calculate the remainder when x is divided by j.
8
Calculate the remainder when -8*6*1/(-8) is divided by 4.
2
Let y(m) = m**2 - m - 1. Let d(a) = -3*a**2 - 3*a + 12. Let h(b) = d(b) + 4*y(b). Calculate the remainder when h(11) is divided by (3/6)/(1/54).
25
What is the remainder when 151 is divided by 12 - ((4 - 3) + -3)?
11
Calculate the remainder when 3 + 5/(-15)*-159 is divided by 16.
8
Calculate the remainder when 70 is divided by 2*6/8*(-10 - -22).
16
What is the remainder when -2 + (432/3)/4 is divided by 7?
6
Let b(l) = -l**3 - 17*l**2 - 15*l + 20. Calculate the remainder when b(-16) is divided by 3.
1
Let i(f) = -f**2 + f + 77. Let u be i(0). Let m = u - 55. Suppose -4*g + m = -58. Calculate the remainder when g is divided by 11.
9
Calculate the remainder when 86 - (2 - 1) - -2 is divided by 15.
12
Suppose 0*v + 4*v = 16. What is the remainder when 15 is divided by v?
3
Let g = 13 - 9. Let h be 10/g*16/10. Suppose 92 = h*t - 28. Calculate the remainder when t is divided by 16.
14
Suppose 28 = -0*s + 2*s. What is the remainder when 38 is divided by s?
10
Let y = 96 + -85. What is the remainder when 87 is divided by y?
10
Suppose -17 = -4*b + 3. Suppose b*c + 2*r + 6 - 37 = 0, -19 = -3*c - r. Suppose -c*k + 2*k = -75. What is the remainder when 43 is divided by k?
13
Let u be 2 - 18/(-1) - -1. Suppose 5*v = 2*v + u. Let d = 15 - -4. What is the remainder when d is divided by v?
5
Suppose 0 = -4*x + 3*x + 22. Suppose 3 + 27 = 5*u. What is the remainder when x is divided by u?
4
Let d(p) = p - 1. Let q be d(-3). Suppose -18 = -v - 0*v - 5*z, 5*v = 4*z - 26. Let a = v - q. What is the remainder when 3 is divided by a?
1
Suppose 0 = -3*v + 5*d + 155, -v + 3*v + 5*d - 70 = 0. What is the remainder when v is divided by 12?
9
Suppose 2*l - 2 = 76. Suppose -l = -4*q + 29. Suppose 0 = -5*r + 52 - q. Calculate the remainder when r is divided by 3.
1
Let i be (-2)/(-9) - (-6)/(-27). What is the remainder when ((-100)/4)/(i + -1) is divided by 9?
7
Suppose -12*a = -7*a - 170. Calculate the remainder when a is divided by 12.
10
Let u(c) = c**2 - c + 1. Let a be u(1). Let m be ((-4)/(-10))/(a/(-5)). What is the remainder when 29 is divided by 15 - (m + 2)/(-2)?
14
Suppose 10*w - 6*w + 2*n - 14 = 0, 0 = w - 4*n - 26. What is the remainder when 26 is divided by w?
2
Suppose -4*l - 2*y + 18 = 0, l - 3*y + 15 = 3*l. Suppose -l*s + 95 = 2*s. Let f(n) = -n + 2. What is the remainder when s is divided by f(-5)?
5
Let l(k) = -k**2 - 5*k - 3. Let u be l(-3). Let g(z) be the first derivative of z**2 + 3*z - 7. What is the remainder when 17 is divided by g(u)?
8
Suppose 0*a = 3*a - 12. Let b be (-104)/(-2) - a/(-2). Suppose -s - 2*s = -b. What is the remainder when s is divided by 10?
8
Suppose 188 = 6*y - 2*y. Suppose -2*s - 5*g + y = -47, -8 = -4*g. What is the remainder when s is divided by 9?
6
Let v(t) = -5*t - 2. Let q be v(-2). Let p be 2/q - (-99)/(-12). Calculate the remainder when (-157)/(-5) - p/(-20) is divided by 17.
14
Suppose 0*k = -5*k + 75. Let j = k - 11. Let v = 8 - j. What is the remainder when v is divided by 3?
1
Let d(o) = 3*o**2 - 2*o + 6. Let c be d(4). Suppose 0 = -l, -4*l = -y - l + c. What is the remainder when y is divided by 16?
14
Let g(k) = -k - 1. Let t be g(-3). Suppose 0 = t*s - 5*y - 0*y - 33, -4*s - 2*y = -30. Calculate the remainder when 44 is divided by s.
8
Suppose 4*n + k = 35, -2*n + n + 6 = 3*k. What is the remainder when 0 + (-1 - -2) - -23 is divided by n?
6
Suppose 2*r - 7 = -0*g - g, -2*r - 21 = -3*g. Let z = 2 + g. Suppose -93 = -4*k - z. What is the remainder when 61 is divided by k?
19
Let p = 47 - 43. Suppose -6 = w - 4*o, -5*o + 2*o + 2 = -w. What is the remainder when w is divided by p?
2
Suppose -4*x + 65 = -35. What is the remainder when 49 is divided by x?
24
Let x(m) = 5 - 2 - m**2 - 5 + 7*m. What is the remainder when 11 is divided by x(6)?
3
Let m = 28 - 26. Calculate the remainder when m is divided by 1.
0
Let w(h) = -5*h**3 + 2*h + 1. Let d be w(-1). Suppose 0 = -d*z + 3*b - b, 3*z + 4*b - 22 = 0. Calculate the remainder when 5 is divided by z.
1
Suppose 5 = -5*p, 3*z + 2*z = -4*p + 56. Suppose 9*a - 45 = z*a. Let n = a + 24. What is the remainder when n is divided by 6?
3
Suppose 5*k - 115 + 5 = 0. What is the remainder when 87 is divided by k?
21
Calculate the remainder when (-48)/(-36)*(62 + -2) is divided by 21.
17
Let y(u) = -u**2 - 3*u - 4. Let z be y(-3). Let w(c) be the first derivative of c**3/3 + c**2 - 5*c - 1. What is the remainder when w(z) is divided by 2?
1
Suppose 5*t - 5*k - 65 = -10, -2*t - 2*k = -38. Let x = 22 - t. Calculate the remainder when 11 is divided by x.
4
Let h be (-2)/(-8) - (-1980)/16. Let b = 184 - h. Calculate the remainder when b is divided by 21.
18
Suppose 5*h - 8 = -4*y + 3, 0 = y + 3*h - 1. Let b(l) = 22*l + 3. Calculate the remainder when b(y) is divided by 23.
22
Suppose -4 = -h - 3*j - 10, 4*h + 24 = 3*j. Let w be h/(-6) - (2 - -1). What is the remainder when (43/w)/(3/(-6)) is divided by 15?
13
Let s = 30 - 11. What is the remainder when 4/((-16)/110)*-2 is divided by s?
17
Let f(d) = -d**3 + 5*d**2 + 6*d - 3. Let n(w) = w + 8. Let u be n(-6). Suppos